
-35
Let c(x) = x**2 - x - 21. Determine c(0).
-21
Let b(v) = 2*v**2 + 17*v - 4. Determine b(-9).
5
Let x(y) = 31*y**2 - 2*y - 3. Determine x(-1).
30
Let n(t) = -t**2 + 11*t - 25. What is n(10)?
-15
Let d(x) = -x**3 + 11*x**2 - 10*x + 12. Give d(10).
12
Let o(h) = -2*h + 11. Calculate o(21).
-31
Let g(s) = s**3 - 5*s**2 - 5*s + 6. What is g(6)?
12
Let s(j) = j**2 + 2*j - 13. Determine s(0).
-13
Let d(y) = -3*y - 3. Calculate d(0).
-3
Let v(r) = -r**3 - 2*r**2 + 6*r. Give v(-3).
-9
Let w(o) = -2*o**3 - 2*o**2 + 2*o + 2. Give w(2).
-18
Let d(o) = -3*o**2 - 16*o + 12. Determine d(-8).
-52
Let o(j) = 16*j + 9. Give o(2).
41
Let c(b) = -8*b**2 - 8*b - 1. What is c(-3)?
-49
Let u(n) = -n**3 + n**2 - n - 5. Give u(-4).
79
Let y(t) = -t**3 - 18*t**2 + 18*t - 17. What is y(-19)?
2
Let u(h) = -4*h**2 - 5*h + 6. Give u(1).
-3
Let k(i) = -i**2 + 2*i - 9. Calculate k(0).
-9
Let t(j) = -j**2 + 20*j + 36. Calculate t(19).
55
Let h(u) = -u**2 - 22*u - 100. Determine h(-20).
-60
Let h(w) = 2*w**2 + 7*w - 26. Give h(-8).
46
Let m(q) = 12*q - 83. Determine m(14).
85
Let h(f) = -2*f**3 - 19*f**2 + 4*f + 5. Determine h(-10).
65
Let h(z) = -z + 11. Determine h(8).
3
Let c(w) = -w**3 - 11*w**2 - 7*w + 13. What is c(-10)?
-17
Let x(f) = 9*f + 132. What is x(-16)?
-12
Let y(a) = -a**3 + a**2 + 17. What is y(0)?
17
Let v(d) = d**2 + 15*d - 114. Determine v(-20).
-14
Let x(c) = -c**3 - 8*c**2 - 9*c - 7. Calculate x(-6).
-25
Let x(k) = -k**3 + 26*k**2 + 55*k + 33. Give x(28).
5
Let y(c) = -c**3 + 8*c**2 - 7*c + 6. What is y(7)?
6
Let f(d) = -4*d + 13. Determine f(-3).
25
Let d(u) = -41*u**3 - u**2. Determine d(1).
-42
Let w(u) = -u**3 + 2*u**2 + u - 4. Calculate w(2).
-2
Let j(h) = 7*h + 150. Determine j(-18).
24
Let d(k) = -4*k + 24. Give d(10).
-16
Let j(l) = 11*l + 2. Determine j(5).
57
Let r(k) = -3*k**2 + 13*k + 5. Calculate r(4).
9
Let z(p) = 2*p - 14. Determine z(13).
12
Let m(k) = 2*k**3 + 8*k**2 + 2*k + 9. Determine m(-4).
1
Let s(z) = z**2 + z - 4. What is s(5)?
26
Let b(f) = 3*f**2 + 7*f + 4. Determine b(-3).
10
Let l(x) = -x**2 + 3*x - 3. Determine l(4).
-7
Let y(s) = 4*s - 42. Give y(10).
-2
Let a(t) = t**3 + t**2 - 4*t + 5. Determine a(-4).
-27
Let z(t) = -t**3 - 5*t**2 + 11*t + 16. Determine z(-5).
-39
Let g(r) = -2*r**2 + 6*r - 5. What is g(5)?
-25
Let x(d) = 8*d - 260. What is x(34)?
12
Let h(v) = 2*v**2 - 14*v. Determine h(7).
0
Let f(h) = h**2 + 35*h - 136. Calculate f(-39).
20
Let z(r) = -9*r**2 + r - 2. Calculate z(-2).
-40
Let a(d) = 7*d**2 + 3*d. What is a(-2)?
22
Let b(z) = 8*z + 4. Determine b(3).
28
Let y(l) = 2*l**3 + 4*l + 5. What is y(-2)?
-19
Let u(l) = 4*l**2 - 93*l + 18. What is u(23)?
-5
Let t(u) = -u**2 - u + 2. Calculate t(0).
2
Let u(z) = z**2 + 10*z - 13. Calculate u(-11).
-2
Let c(w) = 279*w - 1113. Calculate c(4).
3
Let t(g) = -g + 18. Determine t(7).
11
Let o(s) = s**3 + 50*s**2 - 107*s - 163. Give o(-52).
-7
Let b(i) = 3*i - 124. Calculate b(44).
8
Let y(x) = x**3 - 12*x**2 - 7*x + 24. Calculate y(12).
-60
Let b(c) = -15*c + 1. What is b(-1)?
16
Let v(x) = -x**3 - 11*x**2 + 12*x. Determine v(-12).
0
Let k(x) = -8*x + 32. Determine k(-6).
80
Let q(v) = v**3 - 11*v**2 + 7*v + 8. Calculate q(10).
-22
Let f(k) = 3*k**2 - 17*k + 7. Give f(5).
-3
Let w(q) = -q**3 + 6*q**2 + 3*q + 1. Give w(6).
19
Let a(v) = v**2 + 12*v - 36. Give a(-14).
-8
Let f(l) = l**3 + 9*l**2 - 15*l - 54. Calculate f(-10).
-4
Let q(f) = -2*f - 2. Give q(-1).
0
Let k(s) = s**3 + 11*s**2 + 9*s - 5. Calculate k(-10).
5
Let s(m) = 43*m + 261. What is s(-6)?
3
Let c(z) = -z. What is c(0)?
0
Let l(h) = h**3 + 9*h**2 - 14*h - 9. Calculate l(-10).
31
Let w(g) = g + 3. Calculate w(7).
10
Let n(y) = 12*y**3 - 2*y**2 - 2*y. What is n(2)?
84
Let f(o) = o**3 + 15*o**2 - 19*o - 64. Determine f(-16).
-16
Let b(i) = -47*i - 68. Calculate b(-1).
-21
Let y(u) = -2*u**3 - 2*u**2 - 37. Calculate y(-4).
59
Let f(b) = -b**3 + 10*b**2 - 12*b + 4. Determine f(8).
36
Let k(o) = 3*o**2 - 3*o - 2. Give k(-1).
4
Let b(j) = -j**2 + 20*j + 8. Give b(19).
27
Let h(t) = 14*t**2 + 11*t - 8. Determine h(-2).
26
Let p(w) = 5*w**3 + 1. What is p(1)?
6
Let b(a) = -a**2 - 19*a - 10. Determine b(-19).
-10
Let z(l) = -2*l**2 - 50*l + 87. Give z(-27).
-21
Let v(a) = -6*a - 11. Determine v(-4).
13
Let a(h) = -h**3 + 10*h**2 + 24*h + 13. Give a(12).
13
Let l(t) = -t**3 - 6*t**2 - t - 5. Determine l(-6).
1
Let o(w) = w + 28. Calculate o(-16).
12
Let f(z) = 3*z - 21. Calculate f(18).
33
Let m(t) = -t**3 - t**2 - 2*t - 5. What is m(0)?
-5
Let n(j) = j**3 - 2*j**2 - 6*j + 3. Calculate n(4).
11
Let n(b) = b**3 + 5*b**2 - 12*b + 11. Calculate n(-6).
47
Let m(z) = 2*z**2 + 63*z - 108. What is m(-34)?
62
Let x(s) = -s + 17. What is x(5)?
12
Let j(y) = 2*y**3 + 10*y**2 - 3*y + 67. Calculate j(-6).
13
Let r(s) = -s**3 + 7*s**2 - 2*s - 5. Determine r(4).
35
Let w(t) = -2*t + 18. What is w(7)?
4
Let j(u) = -106*u - 421. Give j(-4).
3
Let l(c) = -c**3 - 22*c**2 + 22*c - 13. Determine l(-23).
10
Let c(z) = -z**2 + 2*z + 5. Determine c(5).
-10
Let b(p) = -3*p**2 + 34. Give b(0).
34
Let q(g) = -g**2 - 6*g + 18. Give q(-8).
2
Let m(o) = o**3 + 40*o**2 + 39*o + 6. What is m(-39)?
6
Let d(m) = -2*m + 36. Give d(18).
0
Let a(p) = p + 26. Calculate a(-10).
16
Let m(p) = -2*p - 3. Calculate m(9).
-21
Let v(h) = -2*h**2 + 4. Determine v(-3).
-14
Let k(m) = m**3 + 16*m**2 + 9*m - 90. Give k(-15).
0
Let x(o) = -o**3 + 6*o**2 - 3*o - 5. Calculate x(5).
5
Let y(b) = -b + 15. Give y(13).
2
Let n(g) = 3*g + 8. Determine n(-7).
-13
Let c(l) = l + 6. Give c(0).
6
Let q(j) = 3*j**3 + 69*j**2 - 73*j - 20. Calculate q(-24).
4
Let t(u) = -u**2 + u - 15. Calculate t(6).
-45
Let u(h) = 7*h**2 + 2*h - 9. Give u(4).
111
Let r(y) = -y**3 + 15*y**2 - 15*y + 19. Determine r(14).
5
Let j(l) = l**3 - 4*l**2 - 3*l - 1. What is j(3)?
-19
Let p(m) = -26*m - 1. Determine p(-1).
25
Let s(v) = -19*v + 145. Calculate s(9).
-26
Let c(h) = -2*h**3 - 6*h**2 + h - 4. Calculate c(-3).
-7
Let v(g) = g**3 + 7*g**2 - 13*g - 11. Calculate v(-8).
29
Let v(k) = 13*k**2 + 129*k + 8. What is v(-10)?
18
Let q(c) = 2*c**2 + 20*c - 10. Calculate q(-10).
-10
Let l(a) = -59*a - 2. Calculate l(0).
-2
Let y(j) = -j**3 - 3*j**2 - 2*j + 15. What is y(-3)?
21
Let u(y) = -3*y**2 - 2*y - 1. What is u(-1)?
-2
Let f(m) = 2*m + 15. What is f(-8)?
-1
Let c(i) = 10*i - 38. Determine c(5).
12
Let x(v) = 27*v - 78. What is x(3)?
3
Let x(a) = -a**3 + 11*a**2 - 17*a - 7. What is x(9)?
2
Let z(a) = a**2 + 12*a + 29. Calculate z(-6).
-7
Let d(q) = -q**3 - 12*q**2 - 2*q - 15. Determine d(-12).
9
Let q(s) = 6*s - 5. Give q(-9).
-59
Let t(x) = 6*x - 4. Calculate t(2).
8
Let s(g) = -6*g**3 - g**2 + 1. Give s(2).
-51
Let k(w) = -w**3 + 10*w**2 + 9*w + 13. Determine k(11).
-9
Let k(h) = -2*h - 86. Calculate k(-38).
-10
Let c(s) = -s**3 - 9*s**2 - 2*s + 10. What is c(-9)?
28
Let p(u) = -u**2 - 3*u + 47. What is p(-8)?
7
Let r(k) = -k**3 + 16*k**2 - 66*k - 10. Determine r(9).
-37
Let h(a) = -a**3 - 10*a**2 - 6*a - 8. Determine h(-9).
-35
Let l(v) = -6*v - 29. Determine l(-5).
1
Let m(o) = 9*o**3 + o**2 - o + 2. What is m(-2)?
-64
Let l(u) = 7*u - 53. What is l(8)?
3
Let j(l) = 2*l + 40. Determine j(-19).
2
Let v(t) = -t**3 + 2*t**2 + 3*t - 1. What is v(-3)?
35
Let z(k) = -k**2 - 2*k + 31. Calculate z(5).
-4
Let j(y) = -17*y - 1. Determine j(-1).
16
Let u(f) = f**2 - 33. Give u(0).
-33
Let h(c) = c**2 - 10*c - 30. Give h(18).
114
Let h(q) = -q**3 - q**2 - 2. What is h(-2)?
2
Let d(r) = r**2 + 12*r + 38. Determine d(-9).
11
Let f(k) = k**3 - 25*k**2 - 20*k - 31. What is f(26)?
125
Let y(p) = 2*p + 33. Calculate y(-20).
-7
Let m(u) = u**2 - 7*u + 16. Determine m(6).
10
Let p(u) = -u**3 - 33*u**2 - 3*u - 100. What is p(-33)?
-1
Let f(i) = -8*i**2 + 4*i + 6. What is f(-2)?
-34
Let t(g) = -g - 1. Give t(9).
-10
Let p(m) = -m**2 + 14*m - 22. Give p(12).
2
Let r(j) = -j**3 + 10*j**2 + 11*j + 9. Calculate r(11).
9
Let i(q) = -4*q**3 + q**2 + 4*q - 5. Calculate i(1).
-4
Let f(v) = v**3 - v**2 - 6*v + 3. Determine f(4).
27
Let b(r) = -8*r + 60. What is b(11)?
-28
Let j(l) = -l**3 - 4*l + 3. Give j(1).
-2
Let f(d) = 2*d**2 + 58*d + 6. What is f(-29)?
6
Let v(n) = 59*n**3 + 1. What is v(1)?
60
Let l(q) = -q**2 + 35*q - 204. Calculate l(27).
12
Let j(b) = -15*b - 4. Give j(1).
-19
Let n(u) = 2*u**3 - 10*u**2